. Give p(5).
238
Let r(p) = -p**3 + 8*p**2 + 15*p - 146. Calculate r(6).
16
Let q(u) = -2*u**2 - 12*u + 122. Calculate q(5).
12
Let t(l) = -456*l - 4635. Give t(-10).
-75
Let i(q) = -8*q**3 + 2*q**2 - 731*q + 730. Calculate i(1).
-7
Let l(x) = -116*x + 11039. What is l(95)?
19
Let g(c) = 20*c + 208. Determine g(-10).
8
Let f(a) = -2*a - 129. Calculate f(-14).
-101
Let s(c) = 28*c - 454. What is s(16)?
-6
Let w(g) = g**2 - 148*g + 5480. Calculate w(75).
5
Let u(q) = 58*q - 2638. Determine u(46).
30
Let f(y) = 2*y**2 - 1321*y + 5252. Give f(4).
0
Let a(r) = -r**3 - 12*r**2 + 28*r + 44. Determine a(-14).
44
Let n(b) = -3*b**3 + 27*b**2 - 40*b - 6. Calculate n(7).
8
Let h(i) = -2*i**3 - 6*i**2 + 7*i + 52. Determine h(-5).
117
Let u(s) = 19*s + 47. Determine u(-10).
-143
Let t(b) = b**2 + 152*b + 4117. Determine t(-117).
22
Let i(x) = 10*x**2 + 332*x. Calculate i(0).
0
Let j(r) = 33*r**2 - 79*r - 163. Determine j(-2).
127
Let z(h) = -1005*h - 30160. What is z(-30)?
-10
Let t(r) = 1153*r + 9226. What is t(-8)?
2
Let o(h) = 155*h + 2551. Calculate o(-17).
-84
Let b(d) = -d**3 + 26*d**2 + 57*d - 5. Determine b(28).
23
Let a(v) = 45*v - 513. Determine a(11).
-18
Let j(z) = 292*z + 6436. What is j(-22)?
12
Let h(j) = -132*j - 19675. Give h(-149).
-7
Let x(y) = 3*y**2 + 55*y - 1446. Determine x(-33).
6
Let h(t) = t**2 - 46*t + 480. Give h(0).
480
Let j(o) = -131*o - 1109. What is j(-9)?
70
Let z(o) = -2*o**3 + 9*o**2 + 40*o - 31. Calculate z(7).
4
Let f(x) = -6*x**3 + 3*x**2 - 12*x + 32. Calculate f(4).
-352
Let z(c) = c**2 - 428*c + 15500. Give z(40).
-20
Let m(d) = 3936*d - 35386. Give m(9).
38
Let l(u) = u**2 + 85*u + 1895. Determine l(-61).
431
Let m(t) = -2*t**3 - 18*t**2 - 137*t - 761. What is m(-7)?
2
Let o(r) = 2*r**2 - 42*r - 183. Calculate o(-5).
77
Let r(v) = 2*v**2 + 149*v - 400. Calculate r(-77).
-15
Let v(g) = -4*g**2 - 146*g - 1253. What is v(-16)?
59
Let z(w) = 769*w - 13846. Determine z(18).
-4
Let j(p) = -46*p + 113. Calculate j(2).
21
Let m(o) = -17*o**3 + 8*o**2 + 5*o - 3. Determine m(-3).
513
Let d(n) = -n**2 - 732*n - 76860. Calculate d(-127).
-25
Let y(a) = -2411*a - 7196. Determine y(-3).
37
Let x(i) = 220*i - 4317. Determine x(16).
-797
Let j(u) = -3*u**2 + 48*u - 155. What is j(6)?
25
Let d(y) = 105*y - 2305. Determine d(22).
5
Let y(c) = 29*c - 48. Give y(10).
242
Let q(r) = -147*r - 3856. What is q(-25)?
-181
Let l(d) = 7*d + 104. Determine l(-21).
-43
Let y(s) = s**3 + 8*s**2 + 7*s - 10. What is y(-6)?
20
Let j(k) = 2*k**3 - 29*k**2 + 71*k - 26. What is j(11)?
-92
Let g(u) = 208*u - 11642. Give g(56).
6
Let j(t) = 2*t**3 + 72*t**2 - 75*t - 30. Calculate j(-37).
7
Let w(f) = 4*f**2 + 16*f + 3. Determine w(-4).
3
Let q(j) = 370*j + 2359. Calculate q(-7).
-231
Let w(r) = 36*r - 422. Calculate w(12).
10
Let s(v) = 3*v**2 - 65*v - 13. Calculate s(25).
237
Let u(l) = 57*l + 943. Calculate u(-7).
544
Let k(b) = -b**3 + 7*b**2 + 2956*b + 75. Determine k(58).
-41
Let h(q) = -37*q**2 - 2186*q - 103. Determine h(-59).
74
Let d(c) = 2*c**2 + 194*c - 10616. Calculate d(-136).
-8
Let p(m) = -443*m + 527. What is p(2)?
-359
Let r(l) = -2*l**3 + 112*l**2 + 6*l - 339. Give r(56).
-3
Let z(p) = -9*p**2 + 76. What is z(5)?
-149
Let z(l) = l**2 + 22*l - 491. Calculate z(16).
117
Let k(t) = -7*t**2 - 224*t - 244. Determine k(-31).
-27
Let p(x) = -129*x + 2445. What is p(19)?
-6
Let h(o) = 262*o - 5027. Give h(19).
-49
Let a(c) = -c**2 - 444*c - 5167. Determine a(-12).
17
Let a(w) = w**3 + 103*w**2 + 26*w + 2605. What is a(-103)?
-73
Let g(a) = -a**3 + 13*a**2 + 18*a + 5. Calculate g(-1).
1
Let r(u) = 28*u - 792. Give r(39).
300
Let v(b) = -109*b**2 + 646*b + 7. Determine v(6).
-41
Let p(t) = t**3 - 27*t**2 - 33*t + 403. Calculate p(28).
263
Let b(s) = 168*s + 1056. Give b(-8).
-288
Let p(q) = -13*q**2 + 80*q + 8. Calculate p(6).
20
Let r(c) = -98*c - 520. Calculate r(-5).
-30
Let o(n) = 573*n - 3957. Calculate o(7).
54
Let m(d) = 1432*d + 10016. Calculate m(-7).
-8
Let l(y) = -y**3 + 6*y**2 - 6*y + 38. Give l(6).
2
Let g(u) = 2150*u - 208544. Calculate g(97).
6
Let t(v) = 3*v**2 - 416*v - 2599. Calculate t(-6).
5
Let x(y) = -16*y**3 + 16*y**2 - 28*y + 10. Give x(1).
-18
Let x(w) = -3732*w - 3729. Give x(-1).
3
Let t(j) = 11*j**2 + 468*j - 219. What is t(-43)?
-4
Let o(l) = -l**3 - 20*l**2 - 102*l + 14. What is o(-11)?
47
Let t(j) = -9*j**2 - 344*j + 1045. Calculate t(3).
-68
Let t(f) = -38*f - 273. What is t(-5)?
-83
Let l(j) = 2*j**3 - 21*j**2 + 53*j - 396. Calculate l(10).
34
Let s(r) = r**3 + 8*r**2 + 16*r - 5. Calculate s(-5).
-10
Let w(l) = -3*l**3 - 44*l**2 - 21*l - 538. What is w(-15)?
2
Let n(o) = -215*o + 7963. Calculate n(37).
8
Let v(n) = -815*n**2 - 8*n - 6. Give v(-1).
-813
Let p(s) = -12*s - 892. Give p(-73).
-16
Let c(b) = -11*b**2 - 110*b + 35. Determine c(-11).
-86
Let g(z) = 7*z**2 + 22*z + 36. Give g(-10).
516
Let c(z) = -44*z**2 - 553*z + 3323. Give c(-17).
8
Let d(o) = 4*o - 607. Calculate d(71).
-323
Let j(a) = -2849*a + 45585. What is j(16)?
1
Let q(g) = -g**2 + 18*g + 176. Give q(25).
1
Let u(g) = -5*g**2 - 28*g - 9. Give u(-11).
-306
Let i(j) = j**3 + 34*j**2 - 45*j - 81. What is i(-35)?
269
Let a(w) = 72*w**3 - 288*w**2 + w - 2. Determine a(4).
2
Let w(b) = 107*b + 2777. What is w(-26)?
-5
Let c(h) = -162*h - 12. Give c(3).
-498
Let w(z) = -164*z - 4304. Give w(-25).
-204
Let h(u) = -u**3 + 13*u**2 - 11*u + 12. What is h(11)?
133
Let y(p) = -4*p**3 - 35*p**2 - p - 90. Determine y(-9).
0
Let t(q) = 6*q**3 - 443*q**2 - 76*q + 113. Determine t(74).
-35
Let k(l) = l**2 + 545*l - 4422. Calculate k(8).
2
Let b(i) = -18*i - 726. Give b(-42).
30
Let o(l) = 2*l**2 - 89*l - 271. Calculate o(47).
-36
Let p(k) = 414*k + 4154. Give p(-10).
14
Let r(u) = u**3 + 52*u**2 - 259*u + 1486. Calculate r(-57).
4
Let j(h) = 271*h - 5145. Give j(19).
4
Let o(p) = -19*p**2 - 21*p + 111. Calculate o(6).
-699
Let m(u) = -22*u - 10. Give m(-3).
56
Let m(x) = -57*x**2 + 39*x + 8. What is m(2)?
-142
Let z(h) = 2*h**2 - 12*h - 183. Give z(14).
41
Let k(f) = -778*f + 3203. Calculate k(4).
91
Let y(u) = u**3 + 41*u**2 + 3*u + 110. What is y(-41)?
-13
Let n(m) = -2*m**3 - 29*m**2 + 5*m + 21. Determine n(-15).
171
Let c(x) = x**2 - 45*x - 406. Calculate c(-7).
-42
Let q(t) = 2*t**3 + 147*t**2 + 71*t - 140. What is q(-73)?
6
Let h(v) = -v**3 - 19*v**2 + 24*v - 70. Give h(-21).
308
Let d(i) = -2*i**3 + 185*i**2 - 791*i - 98. Give d(88).
-10
Let u(k) = -3*k**2 - 122*k - 213. Give u(-39).
-18
Let t(k) = -k**3 - 71*k**2 + 166*k - 4144. Determine t(-74).
0
Let o(c) = 2*c**2 + 7*c - 38. Calculate o(-11).
127
Let o(t) = 17*t**3 - 5*t**2 - 6*t + 9. What is o(3)?
405
Let u(v) = -176*v - 328. Give u(-2).
24
Let t(y) = 28*y - 8. Give t(0).
-8
Let k(l) = -985*l + 13822. What is k(14)?
32
Let r(v) = v**2 + 89*v + 179. Give r(-2).
5
Let q(w) = -2*w**2 - 16*w + 17. Calculate q(-5).
47
Let p(i) = -20*i**2 - 70*i - 150. What is p(-4)?
-190
Let t(u) = -185*u - 2784. Determine t(-13).
-379
Let p(a) = -a**3 + 24*a**2 - 134*a - 10. Determine p(15).
5
Let i(q) = -q**2 - 54*q - 50. Determine i(-53).
3
Let t(h) = 56*h + 452. Calculate t(-8).
4
Let l(k) = -26*k + 1834. Determine l(71).
-12
Let a(u) = u**2 + 980*u + 7688. Determine a(-8).
-88
Let j(k) = -101*k - 813. What is j(-8)?
-5
Let n(g) = -g**3 - 174*g**2 - 1498*g - 2147. Give n(-165).
-2
Let a(u) = 2*u**3 + 27*u**2 - 138*u - 6. What is a(4)?
2
Let i(f) = -9*f**3 + 5*f**2 + f + 1. Determine i(-1).
14
Let d(t) = -8*t**2 + 578*t - 140. What is d(73)?
-578
Let s(l) = -22*l - 1755. Calculate s(-72).
-171
Let k(n) = n**2 - 24*n + 172. Calculate k(15).
37
Let w(v) = 6*v**2 - 24*v + 64. Calculate w(3).
46
Let b(n) = -3*n**2 + 57*n - 318. Calculate b(10).
-48
Let p(b) = 148*b + 268. Calculate p(-3).
-176
Let a(h) = -h**2 + 90*h - 1512. Determine a(68).
-16
Let p(g) = -7*g**2 + 35*g + 121. Calculate p(7).
23
Let h(s) = -2*s**3 + 9*s**2 + 71*s + 12. Give h(-4).
0
Let s(g) = -119*g - 741. What is s(-6)?
-27
Let z(a) = 221*a + 107. What is z(-1)?
-114
Let c(x) = -5*x**2 + 59*x - 170. Determine c(4).
-14
Let m(p) = 26*p - 2541. Calculate m(88).
-253
Let j(w) = 31*w + 4179. Calculate j(-134).
25
Let l(y) = -119*y + 10. Determine l(-2).
248
Let k(f) = -228*f + 1363. Calculate k(6).
-5
Let g(p) = p**3 + 14*p**2 + 69*p - 6. Determine g(